{"id":27,"date":"2021-01-20T11:01:18","date_gmt":"2021-01-20T11:01:18","guid":{"rendered":"http:\/\/cm-cantanhede.pt\/rbc3\/?page_id=27"},"modified":"2021-01-21T10:07:14","modified_gmt":"2021-01-21T10:07:14","slug":"biblioteca-da-eb1-de-anca-agrupamento-marques-de-marialva","status":"publish","type":"page","link":"https:\/\/rbc.cm-cantanhede.pt\/?page_id=27","title":{"rendered":"Biblioteca da EB1 de An\u00e7\u00e3"},"content":{"rendered":"\n<p><strong>A nossa hist\u00f3ria<\/strong><br>A <strong>biblioteca da Escola B\u00e1sica do 1\u00ba Ciclo do Ensino B\u00e1sico de An\u00e7\u00e3<\/strong>, pertence ao <strong>Agrupamento Marqu\u00eas de Marialva<\/strong>, come\u00e7ou a funcionar no ano letivo de 2011-2012, ano em que abriu portas a nova escola.<\/p>\n\n\n\n<p>A cria\u00e7\u00e3o desta biblioteca come\u00e7ou a ser pensada logo que se iniciou o processo para projetar este novo estabelecimento de ensino. O espa\u00e7o f\u00edsico foi criado de raiz e, por isso, disp\u00f5e de \u00f3timas condi\u00e7\u00f5es para o funcionamento da biblioteca. Tamb\u00e9m o mobili\u00e1rio, equipamento e fundo documental foram adquiridos especialmente para equipar este espa\u00e7o.<br>Nesta biblioteca decorrem sess\u00f5es de forma\u00e7\u00e3o com as professoras bibliotec\u00e1rias dirigidas aos alunos do ensino pr\u00e9-escolar e do 1\u00ba Ciclo do Ensino B\u00e1sico.<\/p>\n\n\n\n<p>A abertura deste espa\u00e7o, durante o per\u00edodo de almo\u00e7o, permite aos alunos desfrutar das v\u00e1rias \u00e1reas em livre acesso, estando sempre presente um professor do Agrupamento.<\/p>\n\n\n\n<p>Professores Bibliotec\u00e1rios das Bibliotecas do Agrupamento Marqu\u00eas de Marialva:<br>M\u00aa da Gra\u00e7a Silva (Coordenadora), Florinda Carvalho<\/p>\n\n\n\n<p><strong>Contatos:<\/strong><br>Rua Professora M\u00aa Lu\u00edsa Campos, 3060-006 An\u00e7\u00e3<br>GPS: 40.2705747540965 \u00a0\u00a0-8.52007985115051<br>Telf: 239 963 620<br>E-mail: <a href=\"mailto:be23cantanhede@gmail.com\">be23cantanhede@gmail.com<\/a> (Biblioteca) | <a href=\"mailto:e.anca@sapo.pt\">e.anca@sapo.pt<\/a> (Escola)<\/p>\n\n\n\n<p><strong>Espa\u00e7os na Internet:<\/strong><br>Plataforma Moodle do Agrupamento:<a href=\"http:\/\/eb23cantanhede-m.ccems.pt\/course\/category.php?id=76\" target=\"_blank\" rel=\"noreferrer noopener\"> http:\/\/eb23cantanhede-m.ccems.pt\/course\/category.php?id=76<\/a><br>Blogue das BE: <a href=\"http:\/\/be23cantanhede.blogspot.com\" target=\"_blank\" rel=\"noreferrer noopener\">http:\/\/be23cantanhede.blogspot.com<\/a><br>Blogue das BE (recursos digitais): <a href=\"http:\/\/aemmrecursosdigitais.blogspot.pt\/\" target=\"_blank\" rel=\"noreferrer noopener\">http:\/\/aemmrecursosdigitais.blogspot.pt\/<\/a><\/p>\n","protected":false},"excerpt":{"rendered":"<p>A nossa hist\u00f3riaA biblioteca da Escola B\u00e1sica do 1\u00ba Ciclo do Ensino B\u00e1sico de An\u00e7\u00e3, pertence ao Agrupamento Marqu\u00eas de Marialva, come\u00e7ou a funcionar no ano letivo de 2011-2012, ano&hellip;<a href=\"https:\/\/rbc.cm-cantanhede.pt\/?page_id=27\" class=\"more-link\"><span class=\"more-button\">Continuar a ler&#8230;<span class=\"screen-reader-text\">Biblioteca da EB1 de An\u00e7\u00e3<\/span><\/span><\/a><\/p>\n","protected":false},"author":1,"featured_media":0,"parent":0,"menu_order":8,"comment_status":"closed","ping_status":"closed","template":"","meta":{"footnotes":""},"class_list":["post-27","page","type-page","status-publish","hentry"],"_links":{"self":[{"href":"https:\/\/rbc.cm-cantanhede.pt\/index.php?rest_route=\/wp\/v2\/pages\/27","targetHints":{"allow":["GET"]}}],"collection":[{"href":"https:\/\/rbc.cm-cantanhede.pt\/index.php?rest_route=\/wp\/v2\/pages"}],"about":[{"href":"https:\/\/rbc.cm-cantanhede.pt\/index.php?rest_route=\/wp\/v2\/types\/page"}],"author":[{"embeddable":true,"href":"https:\/\/rbc.cm-cantanhede.pt\/index.php?rest_route=\/wp\/v2\/users\/1"}],"replies":[{"embeddable":true,"href":"https:\/\/rbc.cm-cantanhede.pt\/index.php?rest_route=%2Fwp%2Fv2%2Fcomments&post=27"}],"version-history":[{"count":3,"href":"https:\/\/rbc.cm-cantanhede.pt\/index.php?rest_route=\/wp\/v2\/pages\/27\/revisions"}],"predecessor-version":[{"id":294,"href":"https:\/\/rbc.cm-cantanhede.pt\/index.php?rest_route=\/wp\/v2\/pages\/27\/revisions\/294"}],"wp:attachment":[{"href":"https:\/\/rbc.cm-cantanhede.pt\/index.php?rest_route=%2Fwp%2Fv2%2Fmedia&parent=27"}],"curies":[{"name":"wp","href":"https:\/\/api.w.org\/{rel}","templated":true}]}}